(y).
12
Suppose -1 - 3 = -2*h. Let m(o) = 2*o**2 + 2*o + 5*o - 4*o + h. What is m(-2)?
4
Let k be ((-20)/(-35))/(2/7). Let h(o) = 0*o**2 + 4*o**2 + 0*o**k + o**3 + 3*o + 4. What is h(-3)?
4
Suppose 2*j - 33 = -j. Let v(g) = -3*g**3 + j*g + 2*g**3 - 12*g + 1. Let d(y) = y. Let u be d(0). Calculate v(u).
1
Let s(x) be the third derivative of 1/12*x**4 - 1/30*x**5 + 1/30*x**6 + 0*x - 1/6*x**3 + 0 - 5*x**2. Calculate s(1).
3
Suppose 0 = 3*j, 3*a + 2*j - 2 = a. Let s(q) = -5*q**3 + 6*q**2 + 8*q + 5. Let y(d) = -3*d**3 + 4*d**2 + 5*d + 3. Let h(b) = -5*s(b) + 8*y(b). Give h(a).
2
Let f be (-1 + 0)/((-3)/(-9)). Suppose n - 20 = -3*n. Let a(k) = k + 1. Let i(q) = -2*q**2 - 9*q - 6. Let g(o) = n*a(o) + i(o). Calculate g(f).
-7
Let w(j) = -3*j**2 + 18*j + 16. Let k(a) = 4*a**2 - 27*a - 24. Let x(f) = 5*k(f) + 7*w(f). Determine x(-6).
10
Let p(o) = o**2 - 10*o - 4. Let c be p(10). Let u(x) = 0*x**2 - 1 - 2 + 3*x + x**2. What is u(c)?
1
Let i = -1/170 + 19/340. Let s(g) be the second derivative of -2*g - 1/12*g**4 + 1/2*g**3 + 3/2*g**2 - i*g**5 + 0. Determine s(-2).
1
Let i = 3 + 0. Let q(p) = p - 7. Let j be q(i). Let l(a) = -a**3 - 3*a**2 + 5*a + 2. Determine l(j).
-2
Suppose -3*l = -154 - 203. Let p(i) = -3 + 5 - l*i + 116*i + i**2. Give p(4).
6
Let g be 3/7 - -3*150/126. Let p(i) = i**2 - 2*i - 2. Give p(g).
6
Let x(d) = -3*d**3 + d**2 + d - 2. Suppose 23*b - 10 = 28*b. Calculate x(b).
24
Let z(y) = -6 - 4*y**3 + 3*y**3 + 2 + 0*y**3 + 2*y**2. What is z(3)?
-13
Suppose 0 = -4*z - 2 + 18. Let r = 13 - 7. Let p(c) = 2*c**2 - c**2 - 2*c + r - 2*c - 2*c. Calculate p(z).
-2
Let j(w) be the third derivative of -w**6/120 - w**5/12 - w**4/4 - w**3/3 - w**2. What is j(-4)?
6
Let y(w) = -20*w**3 + 17*w**2 - 9*w - 4. Let r(p) = -5*p**3 + 4*p**2 - 2*p - 1. Let g(k) = -9*r(k) + 2*y(k). Give g(-1).
-6
Let w(p) = 3*p. Let o = -1 + 2. Let i be w(o). Let u(b) = 4*b + 3. Let a(r) = 5*r + 4. Let y(t) = -2*a(t) + 3*u(t). Calculate y(i).
7
Let a(q) = -q**2 + 7*q - 6. Let u be a(5). Let v(l) = u - 2*l**2 - 4 + l**2. Calculate v(3).
-9
Let h(v) = 3*v**3 - 2*v**2 - 5*v + 37. Let f(z) = z**3 - z**2 - 2*z + 18. Let q(x) = -5*f(x) + 2*h(x). Calculate q(0).
-16
Let w(s) = -s**2 + 176*s - 176*s. Calculate w(2).
-4
Let o be 5*5/(-50)*(3 + 1). Let y(d) = -2*d**2 + 2*d - d + d**3 + 1 + 5*d**2. Calculate y(o).
3
Suppose p = -2*s + 2, 3*p + 4*s - 4 = 6*p. Let q(n) = 0*n**3 - 5 + n**3 + n + 4. Give q(p).
-1
Let n(v) = -5*v**3 - 5*v**2 - 9*v + 3. Let q(y) = -y**3 - y**2 - y + 1. Let f(c) = n(c) - 6*q(c). Calculate f(-3).
-12
Let k(p) = 4*p**2 - 8*p - 2. Let t(j) = -3*j**2 + 7*j + 1. Let x(r) = -4*k(r) - 5*t(r). Suppose 5*f + 10 = 0, -4*o - 5*f = -2*f + 22. Give x(o).
-1
Suppose -3*g + 9 = 0, 2*c - 5*g + 1 + 22 = 0. Let b(w) = -5 - 2*w - 4*w + 0 - 2*w**2. Determine b(c).
-13
Let g = 4 + -3. Let q(u) = -2*u - 1. What is q(g)?
-3
Let y = -14 - -12. Let c be ((-8)/y)/(4 - 3). Let a(t) be the second derivative of t**5/20 - 5*t**4/12 + t**3/3 + 5*t**2/2 + t. Calculate a(c).
-3
Let g(t) = 8*t**3 + 5*t**2 - 7*t**3 - 4*t + 9*t + 4. Calculate g(-3).
7
Suppose g - 5*a = -7*a - 2, -2*g + 20 = -4*a. Let n(f) = -7*f - 3. Calculate n(g).
-31
Let t(q) = -q**2 + 10*q - 15. Let z be t(7). Let u(l) = -l**2 + 8*l - 9. Give u(z).
3
Let l(q) = q + 2. Let a be (8/(-10))/((-2)/20). Suppose 0 = 4*x + a, 0 = -s + 2*x + x + 4. Determine l(s).
0
Let w be 2 + 1*-1 - -4. Let l(v) = -29*v - 46. Let q(h) = -6*h - 9. Let a(r) = -2*l(r) + 11*q(r). Let z(y) = 9*y + 8. Let m(s) = w*a(s) + 4*z(s). What is m(-2)?
5
Let u(h) = -h**3 + 10*h**2 - 9*h - 9. Suppose -9 = -268*z + 267*z. What is u(z)?
-9
Let n(w) = -3*w**2 - 4*w - 1. Let i(y) = y**2 + y. Let c(h) = -7*i(h) - 2*n(h). Let r = -18 + 21. Give c(r).
-4
Let k(s) = s**2 + 7*s - 2. Suppose -b + 5 - 10 = 0. Determine k(b).
-12
Suppose 0 = b + 3*z + 6, 5*z + 0 + 3 = -4*b. Suppose -4*v - b*w + 11 = -3*v, v - 2*w + 4 = 0. Let a(l) = -2*l + v - 2 - 2 + 6*l. Calculate a(2).
6
Let d(q) = 4*q + 1 + 3 + 2 - 1 - q**2. Suppose 4*i = -4, 0 = o - 2*i + 4*i - 1. Suppose 0 + 15 = o*a. What is d(a)?
0
Let t(o) be the second derivative of 1/20*o**5 + 2*o + 0 + 1/3*o**3 - o**2 - 1/3*o**4. Let m = 0 - -4. Determine t(m).
6
Suppose 0 = -4*f + 5*f - 16. Suppose -f = -z - 4*m, 2 = z - m - 4. Let o(t) = -t**3 + 8*t**2 + 1. Give o(z).
1
Suppose 0 = 2*v - 2*h - 11 - 5, 4*v + 5*h = 14. Let u(f) = -f**2 + 5*f + 5. What is u(v)?
-1
Let q(b) be the second derivative of b**4/12 + 5*b**3/6 + 3*b**2 + 11*b. Calculate q(-5).
6
Let v(m) = m**2 + 14*m - 6. Let z be v(-14). Let y(t) = -t**2 - 9*t - 9. Calculate y(z).
9
Let f = -3 + 6. Let u(b) = -f*b - 6 - 4*b + b + b - 5*b**2 + b**3. Determine u(6).
0
Let w be 16/(-7) + (-4)/(-14). Suppose -5*a - 3 = -6*a. Let j(b) = -a*b + 0 - b**2 - 1 - b**2. Determine j(w).
-3
Let i(a) = -a**2 - 11*a + 9. Let o be i(-11). Let v(t) = o*t + 0 + 1 - 3. What is v(2)?
16
Suppose 35*f = 33*f + 12. Let o(r) = r**2 - 7*r + 9. What is o(f)?
3
Let i(m) = -m**2 - 6*m - 4. Let j(a) = 5*a + 3. Let z(t) = 1. Let b(g) = -j(g) + 2*z(g). Let f be b(1). Determine i(f).
-4
Let f(i) = -i**2 - 9*i - 7. Let a be f(-6). Suppose a - 3 = 4*m. Let r(b) = -4*b - 10. Let w(p) = 3*p + 9. Let c(t) = -6*r(t) - 7*w(t). What is c(m)?
3
Let f(p) be the first derivative of p**2 - 6*p + 12. Give f(4).
2
Suppose 0 = -0*n + 3*n - 3, -a + 13 = 3*n. Let k(w) = 11 - 4 + 3*w - a. Give k(5).
12
Let j(f) be the first derivative of -f**4/4 - f**2/2 - 6*f + 5. Suppose w - 32 = 5*n, 4*n - 7 = -5*w + 8. Suppose -3*x = -w*x. What is j(x)?
-6
Let u(y) = 4*y + 68. Let k be u(-17). Let m(d) be the third derivative of -3*d**2 - 1/24*d**4 + k + 0*d + 0*d**3. Determine m(4).
-4
Let b(d) = -d**2 + d + 7. Let h(u) = u**2 - 6. Let l(g) = 2*b(g) + 3*h(g). Give l(3).
11
Let u(i) = -i**3 - 3*i**2 + 5*i - 3. Let t(g) = -3*g + 62. Let h be t(22). What is u(h)?
-7
Let t be (-176)/(-18) + 8/36. Suppose -4*k - k + t = 0. Let a(s) = -k*s + 6 - 4 + s + 2*s. Give a(-4).
-2
Suppose 4*y - 4*x = 20, y - 2*x = -3*y + 18. Suppose -y*f + f + 18 = 0. Let h(r) = -r + 3. Calculate h(f).
-3
Let b(z) = z - 8. Suppose f - 34 = 5*w - f, 0 = 4*w + 3*f + 41. Let h = w + 2. Determine b(h).
-14
Let c(s) = -2*s + 2. Suppose -2*t - 4 = -5*g, 2*t + g + 0 = -4. Let f = -33 - -37. Let v be f/t - (5 - 10). Determine c(v).
-4
Let t be 1 - ((0 - 1) + 0). Let i(o) = -6*o**t + 2*o**2 - o**2. Let m = -4 - -3. Give i(m).
-5
Let a(o) be the third derivative of 0*o + 0 + 1/60*o**5 - 1/3*o**3 - 1/24*o**4 - 3*o**2 - 1/120*o**6. Give a(2).
-8
Let v(k) = -k**2 + k + 2. Let j = 3 - -3. Let i be (-14)/j - 7/(-21). Calculate v(i).
-4
Let o(d) = d + 1. Suppose 0*y - 6 = -2*y. Suppose -7*k = -y*k. Suppose 0 = -3*z - 12, l - 6*z + 2*z - 18 = k. Determine o(l).
3
Let i = 0 + -4. Let h(u) = -5*u**2 - 8*u + 2. Let j(p) = -4*p**2 - 7*p + 1. Let z(d) = i*j(d) + 3*h(d). What is z(-3)?
-1
Let f = -6 - -5. Let k be (3*f)/(15/20). Let s(g) = -g**2 - 3*g + 2. What is s(k)?
-2
Let v = -246 + 246. Let u(d) = 13*d**2 + 2*d - 23. Let i(a) = 7*a**2 + a - 12. Let t(o) = 11*i(o) - 6*u(o). Give t(v).
6
Let h(j) = j**2 - 5*j - 1. Let m be (-2)/3*(-2 - -5). Let x be (-126)/(-154) - 4/(-22). Let z = x - m. What is h(z)?
-7
Let r(w) be the third derivative of 1/12*w**4 + w**2 + 0*w + 0 + 1/6*w**3. Give r(1).
3
Let b(k) be the first derivative of -k**4/4 + 4*k**3/3 + 2*k**2 - k - 24. Determine b(5).
-6
Let d(p) = p**2 + p + 1. Let f be (-1)/3 - (-110)/15. Suppose -f*h + 15 = -4*h. Let u be (-5 + h)/(4/(-2)). Determine d(u).
1
Suppose -x + 2*i = -19 + 7, -x - 5*i = 16. Let m(t) be the second derivative of -3*t + 1/12*t**x + 0 + 1/6*t**3 + 1/10*t**5 + 0*t**2. Give m(-1).
-2
Let j(w) = -3*w + 2. Suppose -3*x + 20 = x - 2*t, 5*t - 25 = -5*x. Suppose 2*v - x*v = -9. Suppose -r + 6*r - 9 = v*n, 4*r = 2*n + 8. Give j(n).
-4
Suppose -4 = -3*q - 5*m, 16 = -2*q + 6*q - 4*m. Suppose k - 6 = -y, 2*k + 0*y - 12 = 2*y. Let x = k - q. Let l(t) = -t**3 + 2*t**2 + 1. Give l(x).
-8
Let q(z) be the third derivative of z**6/120 + z**5/15 + z**3/3 - 27*z**2. Determine q(-3).
11
Let n(j) = -2*j**2 + 3*j - 1. Suppose -3*l - 2*l = 0. Let z(p) = p**2 + 2. Let r be z(l). What is n(r)?
-3
Let g(r) be the first derivative of -r**6/360 + r**5/40 + r**4/6 - r**3/3 + 3. Let t(s) be the third derivative of g(s). Determine t(5).